{"id":87,"date":"2019-10-17T17:53:06","date_gmt":"2019-10-17T17:53:06","guid":{"rendered":"https:\/\/www.richardappelbom.se\/?page_id=87"},"modified":"2019-10-17T17:53:06","modified_gmt":"2019-10-17T17:53:06","slug":"kontakt","status":"publish","type":"page","link":"https:\/\/www.richardappelbom.se\/index.php\/kontakt\/","title":{"rendered":"Kontakt"},"content":{"rendered":"\n<p>Richard Appelbom har varit ledarskribent och politisk redakt\u00f6r p\u00e5 VLT, Vestmanlands l\u00e4ns tidning utgiven i V\u00e4ster\u00e5s. <\/p>\n\n\n\n<p>Bloggen behandlar allm\u00e4nna politiska \u00e4mnen, men \u00e4r fr\u00e4mst inriktad p\u00e5\n valanalyser och valsystem. Jag menar att valsystemens betydelse f\u00f6r hur\n politiken och demokratin fungerar i olika l\u00e4nder \u00e4r underskattad.<\/p>\n\n\n\n<p>Jag n\u00e5s p\u00e5<\/p>\n\n\n\n<p>richard.appelbom@outlook.com<\/p>\n\n\n\n<p>tel 0736925094<\/p>\n","protected":false},"excerpt":{"rendered":"<p>Richard Appelbom har varit ledarskribent och politisk redakt\u00f6r p\u00e5 VLT, Vestmanlands l\u00e4ns tidning utgiven i V\u00e4ster\u00e5s. Bloggen behandlar allm\u00e4nna politiska \u00e4mnen, men \u00e4r fr\u00e4mst inriktad p\u00e5 valanalyser och valsystem. Jag menar att valsystemens betydelse f\u00f6r hur politiken och demokratin fungerar i olika l\u00e4nder \u00e4r underskattad. Jag n\u00e5s p\u00e5 richard.appelbom@outlook.com tel 0736925094<\/p>\n","protected":false},"author":1,"featured_media":0,"parent":0,"menu_order":0,"comment_status":"closed","ping_status":"closed","template":"","meta":{"footnotes":""},"class_list":["post-87","page","type-page","status-publish","hentry"],"yoast_head":"<!-- This site is optimized with the Yoast SEO plugin v27.2 - https:\/\/yoast.com\/product\/yoast-seo-wordpress\/ -->\n<title>Kontakt - Richard Appelbom<\/title>\n<meta name=\"description\" content=\"Richard Appelbom har varit ledarskribent och politisk redakt\u00f6r p\u00e5 VLT, Vestmanlands l\u00e4ns tidning utgiven i V\u00e4ster\u00e5s.Bloggen behandlar allm\u00e4nna politiska \u00e4mnen, men \u00e4r fr\u00e4mst inriktad p\u00e5 valanalyser och valsystem. Jag menar att valsystemens betydelse f\u00f6r hur politiken och demokratin fungerar i olika l\u00e4nder \u00e4r underskattad.Jag n\u00e5s p\u00e5richard.appelbom@outlook.comtel 0736925094\" \/>\n<meta name=\"robots\" content=\"index, follow, max-snippet:-1, max-image-preview:large, max-video-preview:-1\" \/>\n<link rel=\"canonical\" href=\"https:\/\/www.richardappelbom.se\/index.php\/kontakt\/\" \/>\n<meta property=\"og:locale\" content=\"en_US\" \/>\n<meta property=\"og:type\" content=\"article\" \/>\n<meta property=\"og:title\" content=\"Kontakt - Richard Appelbom\" \/>\n<meta property=\"og:description\" content=\"Richard Appelbom har varit ledarskribent och politisk redakt\u00f6r p\u00e5 VLT, Vestmanlands l\u00e4ns tidning utgiven i V\u00e4ster\u00e5s.Bloggen behandlar allm\u00e4nna politiska \u00e4mnen, men \u00e4r fr\u00e4mst inriktad p\u00e5 valanalyser och valsystem. Jag menar att valsystemens betydelse f\u00f6r hur politiken och demokratin fungerar i olika l\u00e4nder \u00e4r underskattad.Jag n\u00e5s p\u00e5richard.appelbom@outlook.comtel 0736925094\" \/>\n<meta property=\"og:url\" content=\"https:\/\/www.richardappelbom.se\/index.php\/kontakt\/\" \/>\n<meta property=\"og:site_name\" content=\"Richard Appelbom\" \/>\n<meta property=\"article:publisher\" content=\"https:\/\/www.facebook.com\/rappelbom\" \/>\n<meta name=\"twitter:card\" content=\"summary_large_image\" \/>\n<meta name=\"twitter:site\" content=\"@RichardAppelbom\" \/>\n<script type=\"application\/ld+json\" class=\"yoast-schema-graph\">{\"@context\":\"https:\/\/schema.org\",\"@graph\":[{\"@type\":\"WebPage\",\"@id\":\"https:\/\/www.richardappelbom.se\/index.php\/kontakt\/\",\"url\":\"https:\/\/www.richardappelbom.se\/index.php\/kontakt\/\",\"name\":\"Kontakt - Richard Appelbom\",\"isPartOf\":{\"@id\":\"https:\/\/www.richardappelbom.se\/#website\"},\"datePublished\":\"2019-10-17T17:53:06+00:00\",\"description\":\"Richard Appelbom har varit ledarskribent och politisk redakt\u00f6r p\u00e5 VLT, Vestmanlands l\u00e4ns tidning utgiven i V\u00e4ster\u00e5s.Bloggen behandlar allm\u00e4nna politiska \u00e4mnen, men \u00e4r fr\u00e4mst inriktad p\u00e5 valanalyser och valsystem. Jag menar att valsystemens betydelse f\u00f6r hur politiken och demokratin fungerar i olika l\u00e4nder \u00e4r underskattad.Jag n\u00e5s p\u00e5richard.appelbom@outlook.comtel 0736925094\",\"breadcrumb\":{\"@id\":\"https:\/\/www.richardappelbom.se\/index.php\/kontakt\/#breadcrumb\"},\"inLanguage\":\"en-US\",\"potentialAction\":[{\"@type\":\"ReadAction\",\"target\":[\"https:\/\/www.richardappelbom.se\/index.php\/kontakt\/\"]}]},{\"@type\":\"BreadcrumbList\",\"@id\":\"https:\/\/www.richardappelbom.se\/index.php\/kontakt\/#breadcrumb\",\"itemListElement\":[{\"@type\":\"ListItem\",\"position\":1,\"name\":\"Home\",\"item\":\"https:\/\/www.richardappelbom.se\/\"},{\"@type\":\"ListItem\",\"position\":2,\"name\":\"Kontakt\"}]},{\"@type\":\"WebSite\",\"@id\":\"https:\/\/www.richardappelbom.se\/#website\",\"url\":\"https:\/\/www.richardappelbom.se\/\",\"name\":\"Richard Appelbom\",\"description\":\"En blogg om val och valsystem\",\"potentialAction\":[{\"@type\":\"SearchAction\",\"target\":{\"@type\":\"EntryPoint\",\"urlTemplate\":\"https:\/\/www.richardappelbom.se\/?s={search_term_string}\"},\"query-input\":{\"@type\":\"PropertyValueSpecification\",\"valueRequired\":true,\"valueName\":\"search_term_string\"}}],\"inLanguage\":\"en-US\"}]}<\/script>\n<!-- \/ Yoast SEO plugin. -->","yoast_head_json":{"title":"Kontakt - Richard Appelbom","description":"Richard Appelbom har varit ledarskribent och politisk redakt\u00f6r p\u00e5 VLT, Vestmanlands l\u00e4ns tidning utgiven i V\u00e4ster\u00e5s.Bloggen behandlar allm\u00e4nna politiska \u00e4mnen, men \u00e4r fr\u00e4mst inriktad p\u00e5 valanalyser och valsystem. Jag menar att valsystemens betydelse f\u00f6r hur politiken och demokratin fungerar i olika l\u00e4nder \u00e4r underskattad.Jag n\u00e5s p\u00e5richard.appelbom@outlook.comtel 0736925094","robots":{"index":"index","follow":"follow","max-snippet":"max-snippet:-1","max-image-preview":"max-image-preview:large","max-video-preview":"max-video-preview:-1"},"canonical":"https:\/\/www.richardappelbom.se\/index.php\/kontakt\/","og_locale":"en_US","og_type":"article","og_title":"Kontakt - Richard Appelbom","og_description":"Richard Appelbom har varit ledarskribent och politisk redakt\u00f6r p\u00e5 VLT, Vestmanlands l\u00e4ns tidning utgiven i V\u00e4ster\u00e5s.Bloggen behandlar allm\u00e4nna politiska \u00e4mnen, men \u00e4r fr\u00e4mst inriktad p\u00e5 valanalyser och valsystem. Jag menar att valsystemens betydelse f\u00f6r hur politiken och demokratin fungerar i olika l\u00e4nder \u00e4r underskattad.Jag n\u00e5s p\u00e5richard.appelbom@outlook.comtel 0736925094","og_url":"https:\/\/www.richardappelbom.se\/index.php\/kontakt\/","og_site_name":"Richard Appelbom","article_publisher":"https:\/\/www.facebook.com\/rappelbom","twitter_card":"summary_large_image","twitter_site":"@RichardAppelbom","schema":{"@context":"https:\/\/schema.org","@graph":[{"@type":"WebPage","@id":"https:\/\/www.richardappelbom.se\/index.php\/kontakt\/","url":"https:\/\/www.richardappelbom.se\/index.php\/kontakt\/","name":"Kontakt - Richard Appelbom","isPartOf":{"@id":"https:\/\/www.richardappelbom.se\/#website"},"datePublished":"2019-10-17T17:53:06+00:00","description":"Richard Appelbom har varit ledarskribent och politisk redakt\u00f6r p\u00e5 VLT, Vestmanlands l\u00e4ns tidning utgiven i V\u00e4ster\u00e5s.Bloggen behandlar allm\u00e4nna politiska \u00e4mnen, men \u00e4r fr\u00e4mst inriktad p\u00e5 valanalyser och valsystem. Jag menar att valsystemens betydelse f\u00f6r hur politiken och demokratin fungerar i olika l\u00e4nder \u00e4r underskattad.Jag n\u00e5s p\u00e5richard.appelbom@outlook.comtel 0736925094","breadcrumb":{"@id":"https:\/\/www.richardappelbom.se\/index.php\/kontakt\/#breadcrumb"},"inLanguage":"en-US","potentialAction":[{"@type":"ReadAction","target":["https:\/\/www.richardappelbom.se\/index.php\/kontakt\/"]}]},{"@type":"BreadcrumbList","@id":"https:\/\/www.richardappelbom.se\/index.php\/kontakt\/#breadcrumb","itemListElement":[{"@type":"ListItem","position":1,"name":"Home","item":"https:\/\/www.richardappelbom.se\/"},{"@type":"ListItem","position":2,"name":"Kontakt"}]},{"@type":"WebSite","@id":"https:\/\/www.richardappelbom.se\/#website","url":"https:\/\/www.richardappelbom.se\/","name":"Richard Appelbom","description":"En blogg om val och valsystem","potentialAction":[{"@type":"SearchAction","target":{"@type":"EntryPoint","urlTemplate":"https:\/\/www.richardappelbom.se\/?s={search_term_string}"},"query-input":{"@type":"PropertyValueSpecification","valueRequired":true,"valueName":"search_term_string"}}],"inLanguage":"en-US"}]}},"jetpack_sharing_enabled":true,"_links":{"self":[{"href":"https:\/\/www.richardappelbom.se\/index.php\/wp-json\/wp\/v2\/pages\/87","targetHints":{"allow":["GET"]}}],"collection":[{"href":"https:\/\/www.richardappelbom.se\/index.php\/wp-json\/wp\/v2\/pages"}],"about":[{"href":"https:\/\/www.richardappelbom.se\/index.php\/wp-json\/wp\/v2\/types\/page"}],"author":[{"embeddable":true,"href":"https:\/\/www.richardappelbom.se\/index.php\/wp-json\/wp\/v2\/users\/1"}],"replies":[{"embeddable":true,"href":"https:\/\/www.richardappelbom.se\/index.php\/wp-json\/wp\/v2\/comments?post=87"}],"version-history":[{"count":2,"href":"https:\/\/www.richardappelbom.se\/index.php\/wp-json\/wp\/v2\/pages\/87\/revisions"}],"predecessor-version":[{"id":89,"href":"https:\/\/www.richardappelbom.se\/index.php\/wp-json\/wp\/v2\/pages\/87\/revisions\/89"}],"wp:attachment":[{"href":"https:\/\/www.richardappelbom.se\/index.php\/wp-json\/wp\/v2\/media?parent=87"}],"curies":[{"name":"wp","href":"https:\/\/api.w.org\/{rel}","templated":true}]}}